q) = -5*q**3 + 3*q**2 - 8*q - 12. Let b be p(r). What is the tens digit of b/6 + 2/(-6)?
2
What is the tens digit of (-289 + 11)/((4 - 570/145)/(-4))?
2
Let r be 3/2*32/6. Suppose 65 + 63 = 8*i. Let x = i + r. What is the units digit of x?
4
Let z(s) = 66*s - 78 - 64*s**2 - 8*s**3 + 6*s**3 - 76*s. What is the tens digit of z(-32)?
4
Let f = -17 - -57. Suppose -13*h = -3*h + f. What is the units digit of (-4 - (h - 0)) + 19?
9
Let z(q) = 328*q**2 - 16*q - 28. Let t be z(-6). Suppose 26064 + t = 35*d. What is the tens digit of d?
8
What is the ten thousands digit of (-1 + 67)/((4/1412)/1)?
2
Suppose 18*d = 141*d - 1365915. What is the units digit of d?
5
Suppose 3*y = 157 - 4. Let n = -35 + y. Suppose 18*w = n*w + 2. What is the units digit of w?
1
Suppose -2*z = -5*a - 7*z + 14745, -a - 5*z + 2973 = 0. What is the units digit of a?
3
Let i(h) = 123*h**2 - 3*h + 1. Let n be i(1). Let m be 0 + 4 + n - -2. Let j = m - 71. What is the units digit of j?
6
Suppose 359*a + 5*x = 362*a - 41343, -2*a = 4*x - 27518. What is the hundreds digit of a?
7
Let w be (-24)/(-5) + 2/50*5. What is the tens digit of (-313 - -3)/(-1) + w/1?
1
Let k(f) = f**3 + 43*f**2 + 150*f - 13. What is the tens digit of k(-14)?
7
Let r(k) = 168*k + 8. Let c(f) = f. Let o(v) = 24*c(v) - r(v). Let b be o(-5). Suppose -38*m = -30*m - b. What is the tens digit of m?
8
Suppose 0 = 7*h - 31*h + 695750 - 160886. What is the hundreds digit of h?
2
Suppose -526*o + 1096*o = 528*o + 745752. What is the thousands digit of o?
7
Suppose 9*f - 5827 = 1139. Suppose -7*i + 5645 = -f. What is the units digit of i?
7
Let m(l) be the second derivative of l**5/20 + 8*l**3/3 - 31*l**2/2 + 11*l - 2. What is the tens digit of m(10)?
2
Let s be (-18)/(-4)*(-22)/(-33). Suppose 63 = v - 5*i, v - s*v - 5*i = -141. Suppose -x + 2*x - v = 0. What is the tens digit of x?
6
Let l(j) = 80 - 3*j + 82 - 269 + 70. Let x be (3*1)/(2/(-12)). What is the units digit of l(x)?
7
Let y(g) be the first derivative of -17*g**2 - 2*g + 2. Let l be 4/(-3)*693/308. What is the units digit of y(l)?
0
Suppose -36*h - 77 = -185. Let g(l) = 5*l**2 - l. Let i be g(-1). Suppose s = 4*p - 381, -h*s + s = -i. What is the tens digit of p?
9
What is the thousands digit of 349692/132 - 14/77?
2
Let s = 4684 - -638. What is the units digit of s?
2
Suppose 28*r - 16*r - 299520 = -8*r. What is the tens digit of r?
7
Let b = 71507 + -50228. What is the tens digit of b?
7
Let s(t) = 4*t**3 - 7*t**2 + 98*t + 111. What is the ten thousands digit of s(18)?
2
Suppose -7*z - 11*z + 488506 + 415904 = 0. What is the tens digit of z?
4
What is the hundreds digit of (-24)/(-16)*(8134/6 - (20 + -17))?
0
Let l = -38450 - -54338. What is the tens digit of l?
8
Let y(z) = z**3 - 23*z**2 - 15. Let f be y(23). Let c(r) = 8*r. Let q be c(f). What is the tens digit of q/(-65) + -2 + (-4658)/(-26)?
7
Suppose -5*c + 29 = 3*y, -8*c + 11*c = -5*y + 59. Suppose -y*r = 6*r - 7961. What is the units digit of r?
9
Let n be ((-2)/(-1))/((-4972)/996 - -5). Let f = n + -209. What is the tens digit of f?
4
Suppose -2*k + 10 = 4*v - 12, -5*v + 3*k + 22 = 0. What is the units digit of (-771 + -16)/(-1 + v)*-4?
7
What is the tens digit of 309050/56 - (-10)/8 - -7?
2
What is the tens digit of (-139 + 53)*(-385)/2?
5
Let b(p) be the third derivative of p**6/120 + p**5/15 - p**4/12 - p**3/2 - 5*p**2. Let m be b(-3). Suppose m + 24 = 3*x. What is the units digit of x?
2
Let p(q) = -1860*q - 2668. What is the units digit of p(-4)?
2
Suppose 198*l - 194*l + 2*o - 7930 = 0, 0 = 2*o + 2. What is the thousands digit of l?
1
Let w(j) = 104*j**2 + 47*j - 368. What is the hundreds digit of w(6)?
6
Suppose -50 = -56*w + 66*w. What is the units digit of w + 2 + 32 + -24?
5
Let w(h) = h**2 - 5*h - 9. Let v be (-3 - 21/(-6))*14. Let t be w(v). Suppose -t*d = 80 - 705. What is the hundreds digit of d?
1
Let q = -59 - -59. Suppose 2*o - 25 - 101 = q. Suppose -b = -180 + o. What is the units digit of b?
7
Let o(d) = 2155*d**3 + 3*d**2 - 3*d + 1. Let c be o(1). Suppose 3*b = 1666 + c. What is the hundreds digit of b?
2
Let u(g) = -g**3 - 5*g**2 + 13*g - 3. Let p be u(-7). Suppose -7*t = -p*t - 69. Let d = 55 - t. What is the units digit of d?
2
Suppose -362 = -4*q - 2*i + 170, -5*i = -4*q + 532. Let h = -75 - -45. Let g = h + q. What is the units digit of g?
3
What is the tens digit of 27042*-13*(-76)/2223*3/2?
2
Suppose -2*g + 79 = -3*k, 0 = 3*g - k - 3*k - 119. Let q(w) = 13 + 11*w**3 - g*w + 2*w**2 + 33*w - 10*w**3. What is the units digit of q(6)?
3
Let x be (20/2)/(45/126). What is the tens digit of 364/x*(134/2 - -2)?
9
Let x = -88 + 164. What is the tens digit of -774*((-57)/x)/((-18)/(-16))?
1
Let u be (-194)/(-7) + 6 + (-4)/(-14). Let d = u + 251. What is the tens digit of d?
8
Suppose -2*b + 2*i + 58900 = 0, 0 = 244*b - 241*b + i - 88378. What is the ten thousands digit of b?
2
Let k be -6 + 2 - (7 - 115/5). Suppose -5744 = -4*z - k*z. What is the hundreds digit of z?
3
Let i be (26/26)/((-1)/(-161)). Let p = 170 - 57. Let v = i - p. What is the tens digit of v?
4
Let a = 91 + -257. Let b = a + 228. What is the units digit of b?
2
Let h = 28 - 17. Let w(j) = -12*j**2 - j + 1. Let r(v) = -35*v**2 - 4*v + 3. Let o(k) = h*w(k) - 4*r(k). What is the tens digit of o(2)?
4
Suppose 2*o + s - 19969 = 32036, 4*s = -5*o + 130002. What is the tens digit of o?
0
Let k(g) = g**3 + 10*g**2 - 10*g + 13. Let v be k(-11). Suppose 68 = -p + 3*n + 169, -v*p - 4*n = -162. What is the tens digit of p?
8
Suppose 20061 - 71765 = -4*r - 4*o, 3*r - 3*o = 38814. What is the units digit of r?
2
Let n(z) = 2*z + 92. Let y be n(-44). Suppose 13*u + 535 = 2*i + 10*u, -y*i - u + 1077 = 0. What is the units digit of i?
9
Suppose 0 = -4*g - 16, 4*s + 15457 = 3*g + 64845. What is the thousands digit of s?
2
Let y = -7944 - -4404. Let v = -2422 - y. What is the tens digit of v?
1
Let j = -53 - -58. Suppose 0 = 2*m - j - 5. Suppose 2*h - h - 4*n = 168, -m*h + 4*n = -776. What is the hundreds digit of h?
1
Let f(a) = 29*a + 7. Let p be (0 - 16/4) + 9. Suppose p*o = 5*k + 5, -2*k + 5*o - 14 = -0*k. What is the units digit of f(k)?
4
Let w = -748 - -408. Let g = -193 + 110. Let x = g - w. What is the hundreds digit of x?
2
Suppose 24715 + 227 + 1082 = 4*n. What is the thousands digit of n?
6
Let t(m) = 13*m**3 - 3*m**2 + 3*m + 3. Let z be t(2). Let x = z - -103. Suppose 13*p = 10*p + x. What is the tens digit of p?
6
Let x = 4482 + -905. What is the thousands digit of x?
3
Suppose -98 = -a - 95. Suppose f + 2434 = 5*f + a*r, -3*r = 6. What is the units digit of f?
0
Let d(c) = -c**2 - 1. Let o = 54 + -57. Let p(l) = -l**3 + 5*l**2 - 4*l - 22. Let q(y) = o*d(y) + p(y). What is the units digit of q(7)?
2
Let u = 9056 + -3371. What is the tens digit of u?
8
What is the hundreds digit of 64048/7 - (-414)/1449?
1
Suppose 652*f = 466*f + 1309998. What is the tens digit of f?
4
Let h = -9 + 18. Let b(z) = 6*z**2 - 11*z - 77. What is the units digit of b(h)?
0
Suppose -174 - 25 = 5*n + 3*f, f + 3 = 0. Let p be 11/(-22)*(-270)/3. Let z = p - n. What is the units digit of z?
3
Let o(x) be the third derivative of x**5/12 + 29*x**4/24 - 13*x**3/6 - 80*x**2. What is the tens digit of o(-14)?
6
Suppose -2*g - 16*d = -19*d - 5648, 4*g - 2*d = 11320. What is the thousands digit of g?
2
Let p be 2464/1276 + 4/58. What is the hundreds digit of ((-6)/15)/p - (-7742)/10?
7
Let x(g) = 214*g**2 - 1. Let y be x(-1). Let o = -183 + y. What is the tens digit of o?
3
Let t = -10133 + 15544. What is the hundreds digit of t?
4
Suppose -6 = -n - 17. Let d be 34/3 - ((-88)/24)/n. Suppose -d*r = -17*r + 474. What is the units digit of r?
9
Let m = -18477 + 30836. What is the thousands digit of m?
2
Let t be 12/((5 - -1) + -5). Let q be t/10*(-490)/(-28). Let g = 23 + q. What is the units digit of g?
4
Let l(v) be the second derivative of v**4/6 + 10*v**3/3 + 29*v**2 - 41*v. What is the units digit of l(-4)?
0
Suppose -641 = 19*p - 2389. Let v = 165 - p. What is the units digit of v?
3
Suppose -111804 = -5*o + 6*d - 2*d, 0 = -4*o - 4*d + 89472. What is the units digit of o?
4
Let y(s) = 29*s**2 + 2*s + 251. What is the tens digit of y(-21)?
9
What is the tens digit of (-10 + 0)/((-51)/(2849625/30))?
2
Let x(y) = -7*y + 49. Let q(b) be the first d